{"id":364,"date":"2025-10-30T11:29:08","date_gmt":"2025-10-30T11:29:08","guid":{"rendered":"https:\/\/lauramuns.com\/?page_id=364"},"modified":"2026-04-07T05:06:24","modified_gmt":"2026-04-07T05:06:24","slug":"podcast-laura-muns","status":"publish","type":"page","link":"https:\/\/lauramuns.com\/?page_id=364","title":{"rendered":"Podcast"},"content":{"rendered":"<div class=\"brz brz-root__container brz-reset-all brz-root__container-page\">\n<section id=\"gLy0Ev5_rRr3_gLy0Ev5_rRr3\" class=\"brz-section brz-css-d-section brz-css-gdmzem\">\n<div class=\"brz-section__content brz-section--boxed brz-css-d-sectionitem-bg brz-css-1m23gth\" data-brz-custom-id=\"xAn81zlzkWyG\">\n<div class=\"brz-bg\">\n<div class=\"brz-bg-color\"><\/div>\n<\/div>\n<div class=\"brz-container brz-css-d-sectionitem-container brz-css-fxbyrw\">\n<div id=\"\" class=\"brz-css-d-wrapper brz-css-135bp9h brz-wrapper mi-menu\">\n<div class=\"brz-menu-simple brz-css-d-wpnavigation brz-css-1p16tzo\">\n<div class=\"brz-menu-simple__toggle brz-menu-simple__toggle--mobile\"><label class=\"brz-menu-simple__icon\" for=\"brz-menu-simple__btn-q67WA\"><span class=\"brz-menu-simple__icon--bars\"><\/span><\/label><\/p>\n<div style=\"min-height:20px\">\n<div class=\"menu-menu-3-container\">\n<ul id=\"menu-menu-3\" class=\"menu\">\n<li id=\"menu-item-428\" class=\"menu-item menu-item-type-post_type menu-item-object-page menu-item-home menu-item-428\"><a href=\"https:\/\/lauramuns.com\/\">Inicio<\/a><\/li>\n<li id=\"menu-item-430\" class=\"menu-item menu-item-type-post_type menu-item-object-page menu-item-has-children menu-item-430\"><a href=\"https:\/\/lauramuns.com\/?page_id=342\">Consulta<\/a>\n<ul class=\"sub-menu\">\n<li id=\"menu-item-1588\" class=\"menu-item menu-item-type-post_type menu-item-object-page menu-item-1588\"><a href=\"https:\/\/lauramuns.com\/?page_id=1585\">FAQs<\/a><\/li>\n<\/ul>\n<\/li>\n<li id=\"menu-item-925\" class=\"menu-item menu-item-type-post_type menu-item-object-page menu-item-925\"><a href=\"https:\/\/lauramuns.com\/?page_id=880\">Precios<\/a><\/li>\n<li id=\"menu-item-431\" class=\"menu-item menu-item-type-post_type menu-item-object-page menu-item-431\"><a href=\"https:\/\/lauramuns.com\/?page_id=364\">Podcast<\/a><\/li>\n<li id=\"menu-item-429\" class=\"menu-item menu-item-type-post_type menu-item-object-page menu-item-429\"><a href=\"https:\/\/lauramuns.com\/?page_id=347\">Sobre m\u00ed<\/a><\/li>\n<\/ul>\n<\/div>\n<\/div>\n<\/div>\n<\/div>\n<\/div>\n<div id=\"\" class=\"brz-css-d-wrapper brz-css-r-wrapper brz-css-1yahss0 brz-wrapper\">\n<div class=\"brz-spacer brz-css-d-spacer brz-css-14jld05\"><\/div>\n<\/div>\n<div id=\"\" class=\"brz-css-d-wrapper brz-css-1clig8p brz-wrapper\">\n<div class=\"brz-image brz-css-d-image-dbjakb2nkcyc-parent brz-css-m69bkv\" data-brz-custom-id=\"dbJakb2NKcYC\"><a class=\"brz-a\" target=\"_blank\" rel=\"noopener noreferrer\" href=\"https:\/\/open.spotify.com\/show\/0IGn8YXoOTqgehLERoTKK7?si=2f2585b151c441c1\" data-brz-link-type=\"external\"><img data-recalc-dims=\"1\" decoding=\"async\" class=\"brz-img\" src=\"https:\/\/i0.wp.com\/lauramuns.com\/wp-content\/uploads\/2025\/12\/Proyecto-Creador-de-logotipos-2.png?w=525&#038;ssl=1\" loading=\"lazy\" title=\"\"><\/a><\/div>\n<\/div>\n<div id=\"\" class=\"brz-css-d-wrapper brz-css-r-wrapper brz-css-7qc6nl brz-wrapper\">\n<div class=\"brz-spacer brz-css-d-spacer brz-css-1kkzamt\"><\/div>\n<\/div>\n<div id=\"\" class=\"brz-css-d-wrapper brz-css-1q2ov34 brz-wrapper\">\n<div class=\"brz-video brz-youtube-video brz-video-on-controls-hidden brz-css-d-video brz-css-12yeaou\" data-brz-custom-id=\"hqyJh1uEZY09\">\n<div class=\"brz-video-content\" data-loop=\"false\" data-muted=\"false\" data-autoplay=\"off\">\n<div class=\"video-wrapper brz-image-fix-16-9\">\n<div class=\"brz-video-data brz-hidden\" data-src=\"https:\/\/www.youtube.com\/embed\/cxZxtBlEyg4?autoplay=0&amp;controls=1&amp;start=0&amp;end=0&amp;modestbranding=0&amp;wmode=transparent&amp;enablejsapi=1&amp;loop=0&amp;rel=0&amp;mute=0\" data-population=\"\" data-controls=\"true\" data-branding=\"true\" data-intro=\"true\" data-start=\"0\" data-end=\"0\" data-loop=\"false\" data-autoplay=\"off\"><\/div>\n<\/div>\n<\/div>\n<\/div>\n<\/div>\n<div id=\"\" class=\"brz-css-d-wrapper brz-css-r-wrapper brz-css-878y81 brz-wrapper\">\n<div class=\"brz-spacer brz-css-d-spacer brz-css-cluehk\"><\/div>\n<\/div>\n<div id=\"\" class=\"brz-css-d-wrapper brz-css-5k7bhw brz-wrapper\">\n<div class=\"brz-rich-text brz-rich-text__custom brz-css-d-richtext brz-css-1i50x5s\" data-brz-custom-id=\"bxIex3Xk5jDs\">\n<div data-brz-translate-text=\"1\">\n<p class=\"brz-tp-lg-paragraph brz-text-lg-center brz-css-rJ5oB\" data-generated-css=\"brz-css-mfepc\" data-uniq-id=\"kd5il\"><span class=\"brz-cp-color2\">En este episodio exploramos los diferentes motivos por los que en muchas ocasiones,<\/span><\/p>\n<p class=\"brz-tp-lg-paragraph brz-text-lg-center brz-css-kdXgA\" data-generated-css=\"brz-css-tlJnQ\" data-uniq-id=\"cMXsa\"><span class=\"brz-cp-color2\">no nos atrevemos a lanzar nuestro propio proyecto profesional.&nbsp;<\/span><\/p>\n<p class=\"brz-tp-lg-paragraph brz-text-lg-center brz-css-wu32V\" data-generated-css=\"brz-css-vFK7H\" data-uniq-id=\"w2trD\"><span class=\"brz-cp-color2\"> <\/span><\/p>\n<p class=\"brz-text-lg-center brz-tp-lg-empty brz-ff-red_hat_text brz-ft-google brz-fs-lg-16 brz-fss-lg-px brz-fw-lg-400 brz-ls-lg-0 brz-lh-lg-1_9 brz-vfw-lg-400 brz-fwdth-lg-100 brz-fsft-lg-0 brz-css-bVYCe\" data-generated-css=\"brz-css-cx_kU\" data-uniq-id=\"e_9RP\"><strong class=\"brz-cp-color2 brz-bold-true\">Miriam<\/strong><span class=\"brz-cp-color2\">, burgalesa de 39 a\u00f1os, trabaja como cajera de una hamburgueser\u00eda y a pesar de que su trabajo le hace feliz y le permite pagar sus facturas, asegura que tiene un fuego interior que le llama a desarrollar alguna de las ideas creativas que muestra en sus redes sociales y que desempe\u00f1a magistralmente.<\/span><\/p>\n<p class=\"brz-tp-lg-paragraph brz-text-lg-center brz-css-vCtu6\" data-generated-css=\"brz-css-dL_uQ\" data-uniq-id=\"ssMc6\"><span class=\"brz-cp-color2\"> <\/span><\/p>\n<p class=\"brz-tp-lg-paragraph brz-text-lg-center brz-css-m8q_C\" data-generated-css=\"brz-css-bvVqm\" data-uniq-id=\"m4xLF\"><span class=\"brz-cp-color2\">Ella, con sus estudios y su don para el interiorismo, la pasteler\u00eda y la gesti\u00f3n y organizaci\u00f3n de eventos de ocio, sigue anclada en ese trabajo que no le permite sacar su potencial. \u00bfTe sientes identificado o identificada con Miriam? \u00bfCrees que terminar\u00e1 dando el paso y desarrollar\u00e1 alguno de los proyectos que tanto le ilusionan?<\/span><\/p>\n<\/div>\n<\/div>\n<\/div>\n<div id=\"\" class=\"brz-css-d-wrapper brz-css-r-wrapper brz-css-5fn8s4 brz-wrapper\">\n<div class=\"brz-spacer brz-css-d-spacer brz-css-gskjuk\"><\/div>\n<\/div>\n<\/div>\n<\/div>\n<\/section>\n<section id=\"lqKFRTcTG4i__lqKFRTcTG4i_\" class=\"brz-section Footer brz-css-d-section brz-css-131qqj0\">\n<div class=\"brz-section__content brz-section--boxed brz-css-d-sectionitem-bg brz-css-lmjtke\" data-brz-custom-id=\"eeoWdcsLJ4MF\">\n<div class=\"brz-bg\">\n<div class=\"brz-bg-image\"><\/div>\n<div class=\"brz-bg-color\"><\/div>\n<\/div>\n<div class=\"brz-container brz-css-d-sectionitem-container brz-css-13f4x5k\">\n<div class=\"brz-row__container brz-css-d-row-row brz-css-cz230i\" data-brz-custom-id=\"c7TjV_1NFYPP\">\n<div class=\"brz-row brz-css-d-row-container brz-css-r-row-container brz-css-14efplb\">\n<div class=\"brz-columns brz-css-d-column-column brz-css-hkm5um\" data-brz-custom-id=\"eD4ZsQ4ftJ_i\">\n<div class=\"brz-column__items brz-css-d-column-bg brz-css-6o4mpb\">\n<div id=\"\" class=\"brz-css-d-wrapper brz-css-1q6g0a brz-wrapper\">\n<div class=\"brz-rich-text brz-rich-text__custom brz-css-d-richtext brz-css-98vhpq\" data-brz-custom-id=\"tE6mFC6_XH5_\">\n<div data-brz-translate-text=\"1\">\n<p data-generated-css=\"brz-css-enWik\" data-uniq-id=\"oHMl4\" class=\"brz-tp-lg-empty brz-ff-red_hat_text brz-ft-google brz-fs-lg-16 brz-fss-lg-px brz-fw-lg-400 brz-ls-lg-0 brz-lh-lg-1_9 brz-vfw-lg-400 brz-fwdth-lg-100 brz-fsft-lg-0 brz-css-qUo5T\"><a class=\"link--page brz-cp-color8 brz-underline-true\" href=\"https:\/\/lauramuns.com\/?page_id=347\" data-brz-link-type=\"page\" target=\"_blank\" rel=\"noreferrer noopener\"><u>Sobre m\u00ed<\/u><\/a><\/p>\n<\/div>\n<\/div>\n<\/div>\n<div id=\"\" class=\"brz-css-d-wrapper brz-css-hwqnkt brz-wrapper\">\n<div class=\"brz-rich-text brz-rich-text__custom brz-css-d-richtext brz-css-1n2wq3f\" data-brz-custom-id=\"uJvucT7n38FZ\">\n<div data-brz-translate-text=\"1\">\n<p data-uniq-id=\"qgPIi\" data-generated-css=\"brz-css-uk4qG\" class=\"brz-tp-lg-empty brz-ff-red_hat_text brz-ft-google brz-fs-lg-16 brz-fss-lg-px brz-fw-lg-400 brz-ls-lg-0 brz-lh-lg-1_9 brz-vfw-lg-400 brz-fwdth-lg-100 brz-fsft-lg-0 brz-css-t48wq\"><a class=\"link--page brz-cp-color8 brz-underline-true\" href=\"https:\/\/lauramuns.com\/?page_id=342\" data-brz-link-type=\"page\" target=\"_blank\" rel=\"noreferrer noopener\"><u>Consulta<\/u><\/a><\/p>\n<\/div>\n<\/div>\n<\/div>\n<div id=\"\" class=\"brz-css-d-wrapper brz-css-1240216 brz-wrapper\">\n<div class=\"brz-rich-text brz-rich-text__custom brz-css-d-richtext brz-css-amyooz\" data-brz-custom-id=\"jxXPyW6wz1z4\">\n<div data-brz-translate-text=\"1\">\n<p data-generated-css=\"brz-css-o6Yej\" data-uniq-id=\"gRG2O\" class=\"brz-tp-lg-empty brz-ff-red_hat_text brz-ft-google brz-fs-lg-16 brz-fss-lg-px brz-fw-lg-400 brz-ls-lg-0 brz-lh-lg-1_9 brz-vfw-lg-400 brz-fwdth-lg-100 brz-fsft-lg-0 brz-css-yJ834\"><a class=\"link--page brz-cp-color8 brz-underline-true\" href=\"https:\/\/lauramuns.com\/?page_id=880\" data-brz-link-type=\"page\" target=\"_blank\" rel=\"noreferrer noopener\"><u>Servicios<\/u><\/a><\/p>\n<\/div>\n<\/div>\n<\/div>\n<div id=\"\" class=\"brz-css-d-wrapper brz-css-1titrge brz-wrapper\">\n<div class=\"brz-rich-text brz-rich-text__custom brz-css-d-richtext brz-css-1s1lbow\" data-brz-custom-id=\"gaY7eVgJKwzz\">\n<div data-brz-translate-text=\"1\">\n<p data-generated-css=\"brz-css-hZRf5\" data-uniq-id=\"tASN1\" class=\"brz-tp-lg-empty brz-ff-red_hat_text brz-ft-google brz-fs-lg-16 brz-fss-lg-px brz-fw-lg-400 brz-ls-lg-0 brz-lh-lg-1_9 brz-vfw-lg-400 brz-fwdth-lg-100 brz-fsft-lg-0 brz-css-axTO5\"><a class=\"brz-cp-color8 brz-underline-true link--page\" href=\"https:\/\/lauramuns.com\/?page_id=1585\" data-brz-link-type=\"page\" target=\"_blank\" rel=\"noreferrer noopener\"><u>F.A.Q.<\/u><\/a><\/p>\n<\/div>\n<\/div>\n<\/div>\n<\/div>\n<\/div>\n<div class=\"brz-columns brz-css-d-column-column brz-css-a0ag2b\" data-brz-custom-id=\"gNQVZ1KKKAI4\">\n<div class=\"brz-column__items brz-css-d-column-bg brz-css-dqebv\">\n<div id=\"\" class=\"brz-css-d-wrapper brz-css-tj06q4 brz-wrapper\">\n<div class=\"brz-rich-text brz-rich-text__custom brz-css-d-richtext brz-css-1nnchel\" data-brz-custom-id=\"lCUlfDpMM4w8\">\n<div data-brz-translate-text=\"1\">\n<p data-uniq-id=\"vnZYa\" data-generated-css=\"brz-css-fNg6X\" class=\"brz-tp-lg-empty brz-ff-red_hat_text brz-ft-google brz-fs-lg-16 brz-fss-lg-px brz-fw-lg-400 brz-ls-lg-0 brz-lh-lg-1_9 brz-vfw-lg-400 brz-fwdth-lg-100 brz-fsft-lg-0 brz-css-up07R\"><a class=\"brz-cp-color8 link--anchor brz-underline-true\" href=\"#kmn47n9bN6j6_kmn47n9bN6j6\" data-brz-link-type=\"anchor\"><u>Contacto<\/u><\/a><\/p>\n<\/div>\n<\/div>\n<\/div>\n<div id=\"\" class=\"brz-css-d-wrapper brz-css-1lejhsl brz-wrapper\">\n<div class=\"brz-rich-text brz-rich-text__custom brz-css-d-richtext brz-css-10hoa7k\" data-brz-custom-id=\"m8csDqGF_12f\">\n<div data-brz-translate-text=\"1\">\n<p data-uniq-id=\"dZNia\" data-generated-css=\"brz-css-lf4p_\" class=\"brz-tp-lg-empty brz-ff-red_hat_text brz-ft-google brz-fs-lg-16 brz-fss-lg-px brz-fw-lg-400 brz-ls-lg-0 brz-lh-lg-1_9 brz-vfw-lg-400 brz-fwdth-lg-100 brz-fsft-lg-0 brz-css-ejBVy\"><a class=\"brz-cp-color8 link--anchor brz-underline-true\" href=\"#kmn47n9bN6j6_kmn47n9bN6j6\" data-brz-link-type=\"anchor\"><u>Direcci\u00f3n<\/u><\/a><\/p>\n<\/div>\n<\/div>\n<\/div>\n<div id=\"\" class=\"brz-css-d-wrapper brz-css-1ialiu9 brz-wrapper\">\n<div class=\"brz-rich-text brz-rich-text__custom brz-css-d-richtext brz-css-k2kyww\" data-brz-custom-id=\"uLek3l3aL644\">\n<div data-brz-translate-text=\"1\">\n<p data-uniq-id=\"auW3s\" data-generated-css=\"brz-css-nPa4o\" class=\"brz-tp-lg-empty brz-ff-red_hat_text brz-ft-google brz-fs-lg-16 brz-fss-lg-px brz-fw-lg-400 brz-ls-lg-0 brz-lh-lg-1_9 brz-vfw-lg-400 brz-fwdth-lg-100 brz-fsft-lg-0 brz-css-nOaQu\"><u class=\"brz-cp-color8 brz-underline-true\">T\u00e9rminos y condiciones<\/u><\/p>\n<\/div>\n<\/div>\n<\/div>\n<div id=\"\" class=\"brz-css-d-wrapper brz-css-16k91yl brz-wrapper\">\n<div class=\"brz-rich-text brz-rich-text__custom brz-css-d-richtext brz-css-1mdlkd\" data-brz-custom-id=\"aISMCFKXtpUH\">\n<div data-brz-translate-text=\"1\">\n<p data-uniq-id=\"aF5tp\" data-generated-css=\"brz-css-wAm1Q\" class=\"brz-tp-lg-empty brz-ff-red_hat_text brz-ft-google brz-fs-lg-16 brz-fss-lg-px brz-fw-lg-400 brz-ls-lg-0 brz-lh-lg-1_9 brz-vfw-lg-400 brz-fwdth-lg-100 brz-fsft-lg-0 brz-css-yi57C\"><u class=\"brz-cp-color8 brz-underline-true\">Aviso legal<\/u><\/p>\n<\/div>\n<\/div>\n<\/div>\n<\/div>\n<\/div>\n<div class=\"brz-columns brz-css-d-column-column brz-css-1ew7zu5\" data-brz-custom-id=\"cv7DnLSgH9ly\">\n<div class=\"brz-column__items brz-css-d-column-bg brz-css-127clhb\">\n<div id=\"\" class=\"brz-css-d-wrapper brz-css-1v6c66l brz-wrapper\">\n<div class=\"brz-rich-text brz-rich-text__custom brz-css-d-richtext brz-css-2icw4y\" data-brz-custom-id=\"uqW9tkdsJJuQ\">\n<div data-brz-translate-text=\"1\">\n<p data-generated-css=\"brz-css-kj198\" data-uniq-id=\"yPRsb\" class=\"brz-tp-lg-empty brz-ff-red_hat_text brz-ft-google brz-fs-lg-16 brz-fss-lg-px brz-fw-lg-400 brz-ls-lg-0 brz-lh-lg-1_9 brz-vfw-lg-400 brz-fwdth-lg-100 brz-fsft-lg-0 brz-css-c5fnC\"><a class=\"link--page brz-cp-color8 brz-underline-true\" href=\"https:\/\/lauramuns.com\/?product=consulta-de-nutricion\" data-brz-link-type=\"page\" target=\"_blank\" rel=\"noreferrer noopener\"><u>Productos<\/u><\/a><\/p>\n<\/div>\n<\/div>\n<\/div>\n<div id=\"\" class=\"brz-css-d-wrapper brz-css-1hj76c6 brz-wrapper\">\n<div class=\"brz-rich-text brz-rich-text__custom brz-css-d-richtext brz-css-1s4jrns\" data-brz-custom-id=\"cMUw9VHmKpjB\">\n<div data-brz-translate-text=\"1\">\n<p data-generated-css=\"brz-css-wRqBv\" data-uniq-id=\"aCE3i\" class=\"brz-tp-lg-empty brz-ff-red_hat_text brz-ft-google brz-fs-lg-16 brz-fss-lg-px brz-fw-lg-400 brz-ls-lg-0 brz-lh-lg-1_9 brz-vfw-lg-400 brz-fwdth-lg-100 brz-fsft-lg-0 brz-css-mWCou\"><a class=\"brz-cp-color8 link--page brz-underline-true\" href=\"https:\/\/lauramuns.com\/?page_id=342\" data-brz-link-type=\"page\" target=\"_blank\" rel=\"noreferrer noopener\"><u>Condiciones de contrataci\u00f3n<\/u><\/a><\/p>\n<\/div>\n<\/div>\n<\/div>\n<\/div>\n<\/div>\n<div class=\"brz-columns brz-css-d-column-column brz-css-191cmh0\" data-brz-custom-id=\"ec3mvls77Cme\">\n<div class=\"brz-column__items brz-css-d-column-bg brz-css-5yly7j\">\n<div id=\"\" class=\"brz-css-d-wrapper brz-css-r-wrapper brz-css-ij164s brz-wrapper\">\n<div class=\"brz-spacer brz-css-d-spacer brz-css-4tc9st\"><\/div>\n<\/div>\n<\/div>\n<\/div>\n<div class=\"brz-columns brz-css-d-column-column brz-css-qyo2n9\" data-brz-custom-id=\"gf5ErC1PE2qG\">\n<div class=\"brz-column__items brz-css-d-column-bg brz-css-2f5rv8\">\n<div class=\"brz-wrapper-clone brz-flex-xs-wrap brz-css-d-cloneable brz-css-1y0vfhu\" data-brz-custom-id=\"aTtWHQSCZgzO\">\n<div class=\"brz-icon__container\" data-brz-custom-id=\"qw7elTn7w6li\"><a class=\"brz-a\" target=\"_blank\" rel=\"noopener noreferrer\" href=\"https:\/\/www.instagram.com\/lau.m_16\/\" data-brz-link-type=\"external\"><span class=\"brz-icon brz-span brz-css-d-icon-icon brz-css-17g2noz\"><\/span><\/a><\/div>\n<\/div>\n<div class=\"brz-wrapper-clone brz-flex-xs-wrap brz-css-d-cloneable brz-css-49nj1\" data-brz-custom-id=\"jbBOCHyfjHYs\">\n<div class=\"brz-icon__container\" data-brz-custom-id=\"k4d7j5BVzUfS\"><a class=\"brz-a\" target=\"_blank\" rel=\"noopener noreferrer\" href=\"https:\/\/www.youtube.com\/@Lau.m_16\" data-brz-link-type=\"external\"><span class=\"brz-icon brz-span brz-css-d-icon-icon brz-css-1ekqszc\"><\/span><\/a><\/div>\n<\/div>\n<div id=\"\" class=\"brz-css-d-wrapper brz-css-r-wrapper brz-css-sxn07s brz-wrapper\">\n<div class=\"brz-spacer brz-css-d-spacer brz-css-1jcqnfx\"><\/div>\n<\/div>\n<\/div>\n<\/div>\n<\/div>\n<\/div>\n<div id=\"\" class=\"brz-css-d-wrapper brz-css-r-wrapper brz-css-h66heb brz-wrapper\">\n<div class=\"brz-spacer brz-css-d-spacer brz-css-9vzo8e\"><\/div>\n<\/div>\n<div id=\"\" class=\"brz-css-d-wrapper brz-css-16ozyot brz-wrapper\">\n<div class=\"brz-rich-text brz-rich-text__custom brz-css-d-richtext brz-css-o228ge\" data-brz-custom-id=\"o4O5hQgGT_yu\">\n<div data-brz-translate-text=\"1\">\n<p class=\"brz-fsft-lg-0 brz-fwdth-lg-100 brz-vfw-lg-400 brz-lh-lg-1_9 brz-ls-lg-0 brz-fw-lg-400 brz-fss-lg-px brz-fs-lg-12 brz-ft-google brz-ff-red_hat_text brz-tp-lg-empty brz-css-ih9zM\" data-generated-css=\"brz-css-eLL36\" data-uniq-id=\"mN1Lh\"><span class=\"brz-cp-color8\">\u00a9 2025 \u00b7 Laura Muns<\/span><span> \u00b7 All rights reserved <\/span><\/p>\n<\/div>\n<\/div>\n<\/div>\n<\/div>\n<\/div>\n<\/section><\/div>\n<p><!-- version:1770053815 --><\/p>\n","protected":false},"excerpt":{"rendered":"<p>Inicio Consulta FAQs Precios Podcast Sobre m\u00ed En este episodio exploramos los diferentes motivos por los que en muchas ocasiones, no nos atrevemos a lanzar nuestro propio proyecto profesional.&nbsp; Miriam, burgalesa de 39 a\u00f1os, trabaja como cajera de una hamburgueser\u00eda y a pesar de que su trabajo le hace feliz y le permite pagar sus &hellip; <\/p>\n<p class=\"link-more\"><a href=\"https:\/\/lauramuns.com\/?page_id=364\" class=\"more-link\">Continuar leyendo<span class=\"screen-reader-text\"> \u00abPodcast\u00bb<\/span><\/a><\/p>\n","protected":false},"author":1,"featured_media":0,"parent":0,"menu_order":0,"comment_status":"closed","ping_status":"closed","template":"brizy-blank-template.php","meta":{"_joinchat":[],"footnotes":""},"class_list":["post-364","page","type-page","status-publish","hentry"],"yoast_head":"<!-- This site is optimized with the Yoast SEO plugin v27.4 - https:\/\/yoast.com\/product\/yoast-seo-wordpress\/ -->\n<title>Podcast - Laura Muns dietista<\/title>\n<meta name=\"robots\" content=\"index, follow, max-snippet:-1, max-image-preview:large, max-video-preview:-1\" \/>\n<link rel=\"canonical\" href=\"https:\/\/lauramuns.com\/?page_id=364\" \/>\n<meta property=\"og:locale\" content=\"es_ES\" \/>\n<meta property=\"og:type\" content=\"article\" \/>\n<meta property=\"og:title\" content=\"Podcast - Laura Muns dietista\" \/>\n<meta property=\"og:description\" content=\"Inicio Consulta FAQs Precios Podcast Sobre m\u00ed En este episodio exploramos los diferentes motivos por los que en muchas ocasiones, no nos atrevemos a lanzar nuestro propio proyecto profesional.&nbsp; Miriam, burgalesa de 39 a\u00f1os, trabaja como cajera de una hamburgueser\u00eda y a pesar de que su trabajo le hace feliz y le permite pagar sus &hellip; Continuar leyendo &quot;Podcast&quot;\" \/>\n<meta property=\"og:url\" content=\"https:\/\/lauramuns.com\/?page_id=364\" \/>\n<meta property=\"og:site_name\" content=\"Laura Muns dietista\" \/>\n<meta property=\"article:modified_time\" content=\"2026-04-07T05:06:24+00:00\" \/>\n<meta property=\"og:image\" content=\"https:\/\/lauramuns.com\/wp-content\/uploads\/2025\/12\/Proyecto-Creador-de-logotipos-2.png\" \/>\n<meta name=\"twitter:card\" content=\"summary_large_image\" \/>\n<meta name=\"twitter:label1\" content=\"Tiempo de lectura\" \/>\n\t<meta name=\"twitter:data1\" content=\"1 minuto\" \/>\n<script type=\"application\/ld+json\" class=\"yoast-schema-graph\">{\"@context\":\"https:\\\/\\\/schema.org\",\"@graph\":[{\"@type\":\"WebPage\",\"@id\":\"https:\\\/\\\/lauramuns.com\\\/?page_id=364\",\"url\":\"https:\\\/\\\/lauramuns.com\\\/?page_id=364\",\"name\":\"Podcast - Laura Muns dietista\",\"isPartOf\":{\"@id\":\"https:\\\/\\\/lauramuns.com\\\/#website\"},\"primaryImageOfPage\":{\"@id\":\"https:\\\/\\\/lauramuns.com\\\/?page_id=364#primaryimage\"},\"image\":{\"@id\":\"https:\\\/\\\/lauramuns.com\\\/?page_id=364#primaryimage\"},\"thumbnailUrl\":\"https:\\\/\\\/lauramuns.com\\\/wp-content\\\/uploads\\\/2025\\\/12\\\/Proyecto-Creador-de-logotipos-2.png\",\"datePublished\":\"2025-10-30T11:29:08+00:00\",\"dateModified\":\"2026-04-07T05:06:24+00:00\",\"breadcrumb\":{\"@id\":\"https:\\\/\\\/lauramuns.com\\\/?page_id=364#breadcrumb\"},\"inLanguage\":\"es\",\"potentialAction\":[{\"@type\":\"ReadAction\",\"target\":[\"https:\\\/\\\/lauramuns.com\\\/?page_id=364\"]}]},{\"@type\":\"ImageObject\",\"inLanguage\":\"es\",\"@id\":\"https:\\\/\\\/lauramuns.com\\\/?page_id=364#primaryimage\",\"url\":\"https:\\\/\\\/lauramuns.com\\\/wp-content\\\/uploads\\\/2025\\\/12\\\/Proyecto-Creador-de-logotipos-2.png\",\"contentUrl\":\"https:\\\/\\\/lauramuns.com\\\/wp-content\\\/uploads\\\/2025\\\/12\\\/Proyecto-Creador-de-logotipos-2.png\",\"width\":2000,\"height\":2000},{\"@type\":\"BreadcrumbList\",\"@id\":\"https:\\\/\\\/lauramuns.com\\\/?page_id=364#breadcrumb\",\"itemListElement\":[{\"@type\":\"ListItem\",\"position\":1,\"name\":\"Home\",\"item\":\"https:\\\/\\\/lauramuns.com\\\/\"},{\"@type\":\"ListItem\",\"position\":2,\"name\":\"Podcast\"}]},{\"@type\":\"WebSite\",\"@id\":\"https:\\\/\\\/lauramuns.com\\\/#website\",\"url\":\"https:\\\/\\\/lauramuns.com\\\/\",\"name\":\"Laura Muns dietista\",\"description\":\"Asesoramiento nutricional para personas activas\",\"potentialAction\":[{\"@type\":\"SearchAction\",\"target\":{\"@type\":\"EntryPoint\",\"urlTemplate\":\"https:\\\/\\\/lauramuns.com\\\/?s={search_term_string}\"},\"query-input\":{\"@type\":\"PropertyValueSpecification\",\"valueRequired\":true,\"valueName\":\"search_term_string\"}}],\"inLanguage\":\"es\"}]}<\/script>\n<!-- \/ Yoast SEO plugin. -->","yoast_head_json":{"title":"Podcast - Laura Muns dietista","robots":{"index":"index","follow":"follow","max-snippet":"max-snippet:-1","max-image-preview":"max-image-preview:large","max-video-preview":"max-video-preview:-1"},"canonical":"https:\/\/lauramuns.com\/?page_id=364","og_locale":"es_ES","og_type":"article","og_title":"Podcast - Laura Muns dietista","og_description":"Inicio Consulta FAQs Precios Podcast Sobre m\u00ed En este episodio exploramos los diferentes motivos por los que en muchas ocasiones, no nos atrevemos a lanzar nuestro propio proyecto profesional.&nbsp; Miriam, burgalesa de 39 a\u00f1os, trabaja como cajera de una hamburgueser\u00eda y a pesar de que su trabajo le hace feliz y le permite pagar sus &hellip; Continuar leyendo \"Podcast\"","og_url":"https:\/\/lauramuns.com\/?page_id=364","og_site_name":"Laura Muns dietista","article_modified_time":"2026-04-07T05:06:24+00:00","og_image":[{"url":"https:\/\/lauramuns.com\/wp-content\/uploads\/2025\/12\/Proyecto-Creador-de-logotipos-2.png","type":"","width":"","height":""}],"twitter_card":"summary_large_image","twitter_misc":{"Tiempo de lectura":"1 minuto"},"schema":{"@context":"https:\/\/schema.org","@graph":[{"@type":"WebPage","@id":"https:\/\/lauramuns.com\/?page_id=364","url":"https:\/\/lauramuns.com\/?page_id=364","name":"Podcast - Laura Muns dietista","isPartOf":{"@id":"https:\/\/lauramuns.com\/#website"},"primaryImageOfPage":{"@id":"https:\/\/lauramuns.com\/?page_id=364#primaryimage"},"image":{"@id":"https:\/\/lauramuns.com\/?page_id=364#primaryimage"},"thumbnailUrl":"https:\/\/lauramuns.com\/wp-content\/uploads\/2025\/12\/Proyecto-Creador-de-logotipos-2.png","datePublished":"2025-10-30T11:29:08+00:00","dateModified":"2026-04-07T05:06:24+00:00","breadcrumb":{"@id":"https:\/\/lauramuns.com\/?page_id=364#breadcrumb"},"inLanguage":"es","potentialAction":[{"@type":"ReadAction","target":["https:\/\/lauramuns.com\/?page_id=364"]}]},{"@type":"ImageObject","inLanguage":"es","@id":"https:\/\/lauramuns.com\/?page_id=364#primaryimage","url":"https:\/\/lauramuns.com\/wp-content\/uploads\/2025\/12\/Proyecto-Creador-de-logotipos-2.png","contentUrl":"https:\/\/lauramuns.com\/wp-content\/uploads\/2025\/12\/Proyecto-Creador-de-logotipos-2.png","width":2000,"height":2000},{"@type":"BreadcrumbList","@id":"https:\/\/lauramuns.com\/?page_id=364#breadcrumb","itemListElement":[{"@type":"ListItem","position":1,"name":"Home","item":"https:\/\/lauramuns.com\/"},{"@type":"ListItem","position":2,"name":"Podcast"}]},{"@type":"WebSite","@id":"https:\/\/lauramuns.com\/#website","url":"https:\/\/lauramuns.com\/","name":"Laura Muns dietista","description":"Asesoramiento nutricional para personas activas","potentialAction":[{"@type":"SearchAction","target":{"@type":"EntryPoint","urlTemplate":"https:\/\/lauramuns.com\/?s={search_term_string}"},"query-input":{"@type":"PropertyValueSpecification","valueRequired":true,"valueName":"search_term_string"}}],"inLanguage":"es"}]}},"jetpack_sharing_enabled":true,"brizy_media":[{"id":1752,"url":"https:\/\/lauramuns.com\/wp-content\/uploads\/2025\/12\/Proyecto-Creador-de-logotipos-2.png","name":"Proyecto-Creador-de-logotipos-2.png","meta":{"brizy_attachment_uid":"wp-f646c86d230e3c59c0b47805b3e33beb.png","brizy_post_uid":["9174cff10bd9e04a4577623c7906a531"]}}],"_links":{"self":[{"href":"https:\/\/lauramuns.com\/index.php?rest_route=\/wp\/v2\/pages\/364","targetHints":{"allow":["GET"]}}],"collection":[{"href":"https:\/\/lauramuns.com\/index.php?rest_route=\/wp\/v2\/pages"}],"about":[{"href":"https:\/\/lauramuns.com\/index.php?rest_route=\/wp\/v2\/types\/page"}],"author":[{"embeddable":true,"href":"https:\/\/lauramuns.com\/index.php?rest_route=\/wp\/v2\/users\/1"}],"replies":[{"embeddable":true,"href":"https:\/\/lauramuns.com\/index.php?rest_route=%2Fwp%2Fv2%2Fcomments&post=364"}],"version-history":[{"count":5,"href":"https:\/\/lauramuns.com\/index.php?rest_route=\/wp\/v2\/pages\/364\/revisions"}],"predecessor-version":[{"id":1804,"href":"https:\/\/lauramuns.com\/index.php?rest_route=\/wp\/v2\/pages\/364\/revisions\/1804"}],"wp:attachment":[{"href":"https:\/\/lauramuns.com\/index.php?rest_route=%2Fwp%2Fv2%2Fmedia&parent=364"}],"curies":[{"name":"wp","href":"https:\/\/api.w.org\/{rel}","templated":true}]}}